.
-21
Let d(t) = t**2 + 11*t - 12. Let b(v) = v**2 - 18*v - 107. Let j be b(24). Suppose 4*f = -5*y - 44, 3*f - 4 = -2*y - j. Determine d(f).
-12
Suppose -4*v = -5*g + 51, -2*g - 3*v = 5 - 7. Let q be 3 + (-142)/14 + 1/g. Let x(m) = -3*m - 15. Calculate x(q).
6
Let u(q) = 45*q**2 + 13*q - 4. Let z(d) = 97*d**2 + 27*d - 8. Let k(m) = 13*u(m) - 6*z(m). Give k(-3).
2
Let h(c) = 4*c**2 + 2*c**2 - 2*c + 8 - c**2 + c**3. Let l be 5 + -7 + 3 - (-2 + 9). Determine h(l).
-16
Let u be (-9)/24 - 38/(-16). Let k(t) = -9*t**u + 9*t**2 + 1 + 7 - t**2 - 4*t. What is k(-6)?
-4
Let r(c) be the third derivative of -5*c**4/24 - 360*c**2. What is r(3)?
-15
Suppose -2*b - 10 = r, 0 = -5*r - 3*b - 14 - 15. Let c = -5 - r. Let u(t) = -11*t**3 + t**2 + 2*t + 1. What is u(c)?
11
Let l be 4*-2*(-1911)/(-588). Let q(s) = s**2 + 25*s - 29. What is q(l)?
-3
Let m(y) = -6*y - 16. Let j(s) = -13*s - 34. Let l(a) = -4*j(a) + 9*m(a). Calculate l(7).
-22
Let p(i) be the third derivative of -3*i**6/40 + i**5/60 - i**4/3 + 4*i**3/3 + 517*i**2. Give p(1).
-8
Let f = 1070 - 1073. Let y(z) be the first derivative of -z**4/4 - z**3 - z**2/2 + 2*z - 60. Calculate y(f).
5
Let i(t) = -7*t**3 - 5*t**2 - 7*t - 2. Let s(z) = -12*z**3 - 10*z**2 - 15*z - 1. Let f(g) = -5*i(g) + 3*s(g). What is f(-5)?
57
Let h(m) be the second derivative of m**4/12 + 11*m**3/6 + 13*m**2/2 + 2311*m. Calculate h(-8).
-11
Let h(c) = 39 - 40*c - 12 + 61 + 26. Give h(3).
-6
Let w(d) be the first derivative of -d**4/4 - d**3 - 3*d**2/2 - 2*d - 824. Calculate w(-2).
0
Let r(s) = -s + 10. Let d be r(7). Suppose 3*g - 6*g = d*z - 12, 4*g + 24 = 4*z. Let x(c) = -22*c - 1. Calculate x(g).
21
Let q(o) = 4*o + 1. Let l(u) = -2*u**3 + 8*u**2 - 4*u + 2. Let i be l(3). Suppose -i*d + 3*d + 25 = 0. Suppose -d*p = p - 6. Calculate q(p).
5
Let g(w) = -1 - 5 + 5*w - 4*w. Suppose 14*s - 22 = 3*s. Suppose -13*n + 15*n = -s*o - 8, o = 5*n + 32. Give g(n).
-12
Let x(u) = -167*u - 11. Suppose -15*h + 32 = 2*l + 57, 3*h - 4*l - 17 = 0. Give x(h).
156
Let l = -2677 - -2681. Let z(k) = -4*k**2 + 23*k - 25. What is z(l)?
3
Let h(p) = -28*p - 9. Let x = 11720 + -11720. Determine h(x).
-9
Suppose 4*w = -866 + 38. Let z = 212 + w. Let g(a) = -11*a**3 + 3*a**2 - 8*a + 10. Let x(j) = -5*j**3 + 2*j**2 - 4*j + 5. Let o(c) = 4*g(c) - 9*x(c). Give o(z).
-10
Let g(c) = -8*c + 124. Let w(l) = 4*l - 63. Suppose -51*m + 47*m = 12. Let y(t) = m*g(t) - 5*w(t). Give y(13).
-5
Let w(v) be the third derivative of -5/6*v**3 + 0 - 1/60*v**5 + 1/6*v**4 + 0*v + 18*v**2. What is w(5)?
-10
Suppose v + 8 = 3*y, 3 = -5*y + v + 15. Let a(d) = 30*d**2 - d**3 + 16 - 40*d**2 + 0*d + 18*d**y + 0*d. What is a(8)?
16
Let a(h) = -16*h - 1. Let g(m) = 47*m + 8. Let p(f) = -3*a(f) - g(f). Give p(5).
0
Let j(m) = 18*m. Let k(d) = d. Let r(c) = j(c) - 9*k(c). Let s(a) = a**3 + 3*a**2 + 2*a + 1. Let n be 1 + 3*4/18*-3. Let q be s(n). Give r(q).
9
Let j(d) = -7*d**2 + 81*d - 45. Let l be j(11). Let a(h) = 3*h + 23*h**2 + 1 + 2*h - 4*h - 46*h**2. Calculate a(l).
-23
Let w(k) be the third derivative of k**5/60 - k**4/4 - k**3/6 - 2101*k**2. Suppose 5*b = -b + 108. Suppose -3*t + 0*t + b = 0. Determine w(t).
-1
Let k = -123455/12 - -10288. Let p(i) be the second derivative of -7/6*i**3 - i - 3*i**2 + 0 + k*i**4. Calculate p(8).
2
Let g(j) = -j**2 - 12*j + 10. Let z be g(-13). Let l(p) = 3544 + 4*p - 10*p - 3542. What is l(z)?
20
Let b(i) be the third derivative of 0 - 1/4*i**4 - 1/60*i**5 - 36*i**2 + 5/6*i**3 + 0*i. Calculate b(-5).
10
Suppose 6849 = -14*l + 6443. Let d(y) = -y**3 - 32*y**2 - 86*y + 38. Give d(l).
9
Suppose -3*k + 4 + 87 = -5*b, -4*b - 62 = -2*k. Suppose 4*a - 3*i - k = 0, 4*a + 5*i + 14 - 65 = 0. Let y(m) = -2*m + 11. Give y(a).
-7
Let j(g) = -2*g + 12. Suppose 0*l - 26*l - 76 + 362 = 0. Determine j(l).
-10
Suppose 115 = 16*s - 109. Let c(d) = -d**3 + 14*d**2 + d - 15. Let w be c(s). Let a(g) = 5*g - 3. Let p be a(w). Let t(y) = 2*y + 8. Calculate t(p).
-8
Let c(n) be the first derivative of -n**6/360 - n**5/30 - n**4/4 + 11*n**3 + 24. Let h(u) be the third derivative of c(u). Calculate h(-5).
-11
Let i(m) be the first derivative of 7*m**5/60 - m**4/24 + m**3/3 + 82*m - 86. Let s(j) be the third derivative of i(j). Determine s(2).
27
Suppose -4*g = -3*d - 50, -2*g = 2*g - 20. Let o be 3 - 5 - d - (2 + 2). Let a(u) = -4*u. Determine a(o).
-16
Suppose n + 4*s = 27, -3*s = 2*n - 6*n + 51. Let h(y) = -64*y + 6 + 62*y - n. Let v = -91 - -85. Calculate h(v).
3
Let t = -2344 - -2348. Let o(x) be the third derivative of 8*x**2 + 0*x + 0 - 1/60*x**5 - 1/2*x**3 - 5/24*x**t. Give o(-3).
3
Let s(l) = 7*l - 20*l**3 - 1 + 8*l**2 - 29*l**3 + 50*l**3. Let h be (3 + 2 + 0)/1. Suppose -18 = h*w + 17. Calculate s(w).
-1
Let x be -6*(-3 - 1)/4. Let p(d) be the third derivative of -d**4/12 + d**3/3 - 1736*d**2. Determine p(x).
-10
Let q(y) = -23*y. Let g(z) = -z**2 - 24*z + 1. Let m(x) = 3*g(x) - 2*q(x). Give m(-8).
19
Let o(a) = a**2 + 5*a + 6. Suppose 2*u - 12 = 4*q, 4*u = 5*q + 6 + 15. Let k be (0/q + 1)/(9/18). Suppose -g - 16 = 3*n + 4, k*g + 3*n = -25. Determine o(g).
6
Let b(a) = -a**3 + 25*a**2. Suppose -2*j = 3*c - 85, 88 - 43 = c + 4*j. Determine b(c).
0
Let n(i) = -30*i**3 + 4*i**2 + 1125*i + 2. Let t(s) = 60*s**3 - 9*s**2 - 2625*s - 5. Let r(q) = 7*n(q) + 3*t(q). Let z be (2 + 0)*2/4. Determine r(z).
-30
Let p(x) = -x**3 - 5*x**2 + 7*x + 5. Let j(m) = -m + 17. Let r be j(-25). Let o = -48 + r. Determine p(o).
-1
Let z(t) be the first derivative of t**4/4 + 13*t**3/3 - t**2/2 - 3*t - 111. Suppose 28 - 15 = -y. Give z(y).
10
Suppose -c - 5 + 7 = 0. Suppose -9*g + c*g = -14. Suppose -16*z - g = -14*z. Let q(b) = -3*b**2 - 2*b - 1. Calculate q(z).
-2
Let f(o) = o**2 - 26*o + 24. Let m be ((-96)/(-14))/((-1134)/(-3969)). Give f(m).
-24
Let d be (-953)/7 + 5/35. Let y = 139 + d. Let b(k) = -11*k + 3 + k**y - 9 - 5*k**2 - 17*k + 25*k. Determine b(5).
-21
Let g(n) = n**3 + n**2 - n. Let s be ((-3841)/46)/(1/2). Let v = s - -167. Give g(v).
0
Suppose -16*r + 30 = -5*l - 15*r, 2*r = 0. Let t(d) = -d**3 - 8*d**2 - 9*d + 12. Calculate t(l).
-6
Let i(g) be the third derivative of g**6/120 - g**5/10 + g**4/8 - g**3 + 110*g**2 - 2*g. Let n = 97 - 92. Give i(n).
-16
Let v(j) = 25*j**2 - 1. Let f(t) = t**2 + 4*t + 14. Let r be f(-5). Suppose r = 4*q - 3*l, -l + 5 = -4*q + 14. What is v(q)?
24
Let w(l) = -14*l**3 + 89*l**2 - 25*l + 3. Let i(h) = -8*h**3 + 51*h**2 - 12*h + 1. Let y(q) = -5*i(q) + 3*w(q). Give y(4).
8
Let t be 3 - -1 - -5 - (-11)/((-33)/(-15)). Let f(j) = j**3 - 12*j**2 - 35*j + 95. Give f(t).
-3
Let c be 1192/160*5 + 3/4. Suppose 9*h - 7 = c. Suppose -10*n - h = -9*n. Let v(u) = -u**3 - 7*u**2 - 6*u + 1. Calculate v(n).
-19
Suppose -4*k + 19*v = 24*v + 12, 2*k + 4*v = -6. Let i(h) = -245*h + 484*h - h**2 + 0*h**2 - 241*h + 2. Determine i(k).
-1
Suppose -4*p = -12, -n - 4*p = -5*p - 9. Suppose -5*i = -n*i + 21. Suppose x - 3*l + 7 = -4, 2*x - i*l + 7 = 0. Let c(t) = -2*t + 6. Determine c(x).
-2
Let p(r) = -r**2 - 4. Let h(l) = -6*l**2 + l - 15. Suppose 4*b - 16 = -2*a, 35 = 5*b - 6*a + a. Let g(s) = b*p(s) - h(s). What is g(-5)?
25
Let r(c) = c**3 + 21*c**2 + 107*c - 34. Let k be r(-12). Let z(t) = t**2 + 5*t - 361. Determine z(k).
13
Let a(q) be the second derivative of q**4/12 + 7*q**3/6 + 7*q**2/2 - 98*q. Suppose -5*y + 8*y + 12 = 0. Give a(y).
-5
Let q(i) be the third derivative of 106*i**2 + 0*i + 0 - 1/6*i**3 + 19/24*i**4. Determine q(-1).
-20
Let x(o) = 0*o + o + 3*o - 19 - 5*o. Suppose -2020 = -2*h - 2050. Determine x(h).
-4
Let w(z) = 5854*z**3 + 19*z**2 - 5855*z**3 + 11 + 0 - 18*z. Calculate w(18).
11
Let p(k) be the first derivative of k**4/4 + k**3/3 + k**2/2 - 1202. Let w = 12 - 13. Determine p(w).
-1
Let v(j) = 5*j - 16. Let w = 1605 + -1599. Determine v(w).
14
Let t(a) = -9 - 9*a**2 + 24*a**2 + 6*a - 9*a - 9*a**2 - 5*a**2. Give t(8).
31
Suppose -18*p = 88 - 16. Let q(f) be the second derivative of f**4/12 + 5*f**3/6 - f**2 - 4*f. Let w be q(p). Let c(j) = -j**2 - 4*j + 2. Determine c(w).
-10
Let f(d) = -39 - 2*d**3 + 37 + 6*d**2 + 3*d**3 + 6*d. Let z be f(-2). Let a(n) = -9*n + 5*n**z - 4*n**2 - 7 - 2*n**2 + 13*n. What is a(6)?
-19
Suppose 4*p = -5*o - 45, -p - 4*p - 25 = 0. Let f(k) = k - 3. Let d(l) = l - 2. Let g(m) = o*f(m) + 6*d(m). Let q = 20 - 14